44. Suppose -8*y + 78 = -d. What is the tens digit of y?
1
Let k(s) = s**3 + s**2 - s + 2. Let r be k(0). Suppose 0 = -2*u - v + 5, -r*u - 4*v - 2 = -5*u. What is the units digit of u?
2
Suppose 6*a - 11 = 1. Let o be ((-16)/(-10) + -1)*15. Let g = a + o. What is the units digit of g?
1
Suppose 2*w - 3 = 3*w. Let f be 9/w + 5 - 3. What is the units digit of 1 - (-13)/(2 + f)?
4
What is the units digit of (7 + 2 + -11)*-140?
0
Let w(d) = d**3 - 7*d**2 - 10*d - 8. Let c = 36 + -27. What is the tens digit of w(c)?
6
Suppose 24*s = 28*s - 6084. Suppose 17*j - 4*j = s. What is the hundreds digit of j?
1
Suppose 0 = h + h + f - 117, -4*f = 5*h - 288. Let v be (5/(-2))/((-25)/h). Suppose 2*o + 128 = v*o. What is the units digit of o?
2
What is the units digit of 7/(-14) + (-6004)/(-8)?
0
Let t(n) = -4*n**3 - 8*n**2 + 68. What is the units digit of t(-7)?
8
What is the units digit of 3/3*(-187)/(-17)*95?
5
Suppose 0 = 5*c - 5*y - 486 - 4, -c = -2*y - 97. Let w = 74 + c. What is the hundreds digit of w?
1
Let m = -4104 - -5756. What is the tens digit of m?
5
Let z(u) = -2*u + 2. Let v(m) = m**2 + 6*m + 2. Let l be v(-6). Suppose -2*k + 17 = -3*n, 6 = -l*k - k. What is the units digit of z(n)?
6
Suppose -8*r + 20 = -3*r. Let y(a) = 7*a**2 - 9*a + 6. Let l(w) = -8*w**2 + 10*w - 7. Let g(m) = r*y(m) + 3*l(m). What is the units digit of g(5)?
3
Let i(k) = 8*k**2 - k - 2. Let j = -4 + 3. Let z be i(j). Let f = 10 + z. What is the tens digit of f?
1
Let w(x) = 131*x**2 - x - 1. Let p(j) = j**2 + 2*j - 1. Let u be p(-2). Let v be w(u). Suppose 21 = 4*k - v. What is the units digit of k?
8
Let j = -10 - -15. Let b(r) = 2*r**2 + 6*r + 2. Let a be b(5). Suppose j*p = -4*h + a, 3*p + 5*h - 80 = -2*p. What is the tens digit of p?
1
Suppose 2*z + 2*v + 18 = 0, -2*z + 3*z + 21 = 2*v. Let s = -13 - z. Suppose s = o + 5 - 22. What is the tens digit of o?
1
Suppose t - 5*j - 10 = 4*t, 0 = 5*t + j + 24. What is the tens digit of 6739/115 - (0 + 2/t)?
5
Let g be 12/(-5) + (-42)/70. Let x be (-1)/(g - (-28)/8). What is the units digit of (-4)/(-3)*(-3)/x?
2
Let v be 19/3*(-20 - -2). Let b = 239 + v. What is the hundreds digit of b?
1
Suppose -4*x = 24 - 32. Suppose -x = -t + 12. What is the units digit of t?
4
Let z be (6/30)/((-2)/(-10)). Let l(h) = h - 3 - z + 3*h**2 + 5*h**2 - h**2 - h**3. What is the units digit of l(7)?
3
Suppose 0 = 2*y, 23 = 3*d + 2*y + 62. Let j = -1 - d. What is the units digit of j?
2
Suppose 0 = 7*l - 33 - 9. Suppose 2*x - l*x + 580 = 0. What is the units digit of x?
5
Let j(q) = -440*q**3 + 6*q**2 + 2*q + 2. What is the hundreds digit of j(-2)?
5
Suppose -2*y - 4*s + 830 = 0, -2*y + 7*y = 3*s + 2088. What is the hundreds digit of y?
4
Let o(n) = -4*n + 5. Let b(d) = d - 1. Let r(s) = -5*b(s) - o(s). What is the tens digit of r(-10)?
1
Let a(r) = 22*r**2 - 45*r - 95. What is the units digit of a(18)?
3
Suppose 2*t - y + 5 = 0, -3*y + 4 = 3*t + 7. Let x = -32 - -47. Let d = t + x. What is the units digit of d?
3
Let q(l) be the second derivative of -7*l**3/3 - 13*l**2/2 + 16*l. What is the units digit of q(-6)?
1
Let t(c) = c**3 + 15*c**2 + 13*c - 17. Let d be t(-14). Let n(l) = -13*l - 7. What is the tens digit of n(d)?
3
Let a(d) = d**2 - 8*d + 9. Let o be a(7). Suppose 0 = -5*k - 3*n + 235 + 53, -n - 124 = -o*k. What is the tens digit of k?
6
Suppose -3*r = -18*r + 2595. What is the hundreds digit of r?
1
Suppose 6*d - 239 = 97. Suppose s - d = -s. What is the tens digit of s?
2
Let o = 15 - 12. Suppose j + j + 297 = o*k, -j - 146 = k. Let m = -102 - j. What is the tens digit of m?
4
Let j(x) = -x**3 + 3*x**2 + 3*x + 3. Let b be j(4). Let z be 2*(8/4 + b). Let d = 7 + z. What is the units digit of d?
9
Suppose -15 = -n - 4*n. Suppose -n*u + 0*u = 0. Suppose u = -0*s + 2*s - 114. What is the tens digit of s?
5
Let w be (-2 + 2 + 1)/((-16)/32). What is the tens digit of 39/(-5 - -2)*w?
2
Suppose 2*w + 1641 = 5*j, 3*j = -2*j - 3*w + 1651. Let c = j + -157. What is the units digit of c?
2
Suppose 847 = 24*s - 17*s. What is the tens digit of s?
2
Suppose 3*x + 2*m = 5*m - 3, 0 = 2*x + 3*m + 2. Let p be (x/4)/(15/(-180)). Suppose 0 = p*i - 44 - 70. What is the tens digit of i?
3
Suppose 0 = 5*h + 15, 4*d - 3 = 3*d - 4*h. What is the units digit of 6*d/10*3?
7
Let d = 498 + -313. What is the tens digit of d?
8
Suppose 2*w = -0*w + 10. Suppose -w*c = -26 - 29. Let h = 15 - c. What is the units digit of h?
4
Suppose -6*q + 6103 = -2207. What is the units digit of q?
5
Suppose 3*u - 5*u - 2*u = 0. Suppose u = -3*g + 4*i + 13, 6*g - 33 = g + i. What is the units digit of g?
7
Let y = 13 - -97. Suppose y = 4*w + w. What is the tens digit of w?
2
Let y = 36 + -24. Suppose -568 = 8*p - y*p. What is the tens digit of p?
4
Let i(d) = 5*d**3 + 3*d**2 - d - 4. Let o(h) = 14*h**3 + 9*h**2 - 2*h - 13. Let w(q) = 17*i(q) - 6*o(q). What is the tens digit of w(7)?
7
Let w be 91/(-14) - 3/(-2). Let c = 8 + w. Suppose c*x + 2*v = 14, -3*x + 3*v = 4*v - 10. What is the units digit of x?
2
Let y be 5/(25/15) + (-9)/(-1). Let b(t) = -t**2 + 24*t - 6. What is the units digit of b(y)?
8
Let i = 28 + -23. What is the hundreds digit of (-1 - (-3)/1)/(i/285)?
1
Suppose -20*t + 3101 = -13*t. What is the units digit of t?
3
Suppose s = 5 - 4. Suppose q - 5 = -q + w, -s = -4*q + 5*w. Suppose h - 4*h - p + 101 = 0, -4*h = -q*p - 156. What is the tens digit of h?
3
Let j(g) be the first derivative of 17*g**2/2 + 7*g - 2. Let x be j(4). Suppose 0 = 2*i - 3*u - x, -2*i + 5*u + 76 = 3*u. What is the tens digit of i?
3
Suppose -4*c + o + 3 = -72, 4*c = -3*o + 79. Suppose 2*z - c = -m, 3*m = -4*z + 2*z + 21. What is the units digit of z?
9
Let z be (35 + -8)*(-76)/(-6). Suppose 10*o - o - z = 0. What is the units digit of o?
8
Let t(n) = 8*n**2 + 11*n - 26. Let f(g) = 7*g**2 + 11*g - 26. Let k(m) = 5*f(m) - 4*t(m). What is the tens digit of k(5)?
0
Let d be 3535/(-42) + 3/18. What is the units digit of 40/(-12)*d/35?
8
Let a(z) be the third derivative of z**5/60 - z**4/6 - 7*z**3/6 + 10*z**2. What is the units digit of a(6)?
5
Suppose 5*z - 112 - 113 = 0. Let r = z + -30. Suppose -27 = -3*i + r. What is the units digit of i?
4
Suppose 26*d = 22*d + 1136. What is the tens digit of d?
8
What is the tens digit of 1/(1332/1323 + -1)?
4
Let q(k) = -k**2 - 34*k - 26. Let l be q(-29). Suppose -8*m + l + 1633 = 0. What is the hundreds digit of m?
2
Let l(v) = -v**3 - 6*v**2 - 9*v. Suppose -3*s - 15 = -4*t + 3, -5*s - 30 = 4*t. Let y be l(s). Let d = 88 - y. What is the units digit of d?
4
Let s be 168/(-9) + (-3)/9. Let x = s + -8. Let l = 40 + x. What is the units digit of l?
3
What is the units digit of ((-38115)/(-25))/11 - (-2)/5?
9
Suppose 400 = -4*u - 2*p, 3*u + 4*p + p + 293 = 0. Let t = u + 175. What is the tens digit of t?
7
Let p = -93 + 90. Let f(l) = -43*l + 16. What is the tens digit of f(p)?
4
Suppose -772 = -0*k + 4*k. Let l = k + 367. Suppose -l - 6 = -4*x. What is the units digit of x?
5
What is the hundreds digit of 9/21 - 271260/(-140)?
9
Let w(g) = 2*g + 5. Let m(l) be the second derivative of l**3/6 - 8*l. Let h(k) = 3*m(k) - w(k). What is the units digit of h(10)?
5
Suppose 0 = 6*u - 14806 + 1354. What is the tens digit of u?
4
Let t be 1/(-5*3/(-105)). Suppose t*p - 391 = 239. What is the units digit of p?
0
Suppose -3*n + 0*n = -12. Suppose -346 = -5*w - 2*v, n*v + v - 60 = -w. What is the units digit of w?
0
Let c(d) be the first derivative of -27*d**2/2 - 17*d + 24. What is the units digit of c(-5)?
8
Suppose 11 - 1 = -5*k, -4*o = -4*k - 200. Let r = o + 47. Let i = r - 51. What is the tens digit of i?
4
Let o(v) = 19*v + 8. Let x be o(4). Suppose -x = -3*k - k. Let i = -20 + k. What is the units digit of i?
1
Let i(z) = 3*z - 4. Suppose j + j - 10 = 0. Let v be i(j). Let a = -7 + v. What is the units digit of a?
4
Suppose -l + 10 + 10 = 0. Let z = 23 - l. What is the units digit of z?
3
Let w = 1452 - -1439. What is the tens digit of w?
9
What is the tens digit of -262*(4 - 4/(8/10))?
6
Let h = -18 - -22. Suppose -h*z + l - 4 + 26 = 0, -3*z + 23 = -4*l. What is the units digit of z?
5
Suppose 27*p - 27 = 24*p. Suppose 0 = 6*h - 9 - p. What is the units digit of h?
3
Let t(q) = 31*q. Let r(j) = 31*j - 1. Let v(c) = 4*r(c) - 5*t(c). What is the tens digit of v(-2